{"id":3256,"date":"2022-08-13T21:25:16","date_gmt":"2022-08-14T00:25:16","guid":{"rendered":"https:\/\/rccbrasil.org.br\/institucional\/?page_id=3256"},"modified":"2022-08-14T19:46:27","modified_gmt":"2022-08-14T22:46:27","slug":"grupo-de-oracao","status":"publish","type":"page","link":"https:\/\/rccbrasil.org.br\/institucional\/grupo-de-oracao\/","title":{"rendered":"Grupo de Ora\u00e7\u00e3o"},"content":{"rendered":"<p><a href=\"https:\/\/rccbrasil.org.br\/institucional\/\" rel=\"home\" title=\"Home\">Home<\/a>\n\t\t\t<link rel=\"stylesheet\" href=\"https:\/\/rccbrasil.org.br\/institucional\/wp-content\/plugins\/elementor-pro\/assets\/css\/widget-share-buttons.min.css\">\n\t\t\t\t\t\t\t\t\t\t\t\t\t\t\t\tShare on facebook<br \/>\n\t\t\t\t\t\t\t\t\t\t\t\t\t\t\t\tShare on twitter<br \/>\n\t\t\t\t\t\t\t\t\t\t\t\t\t\t\t\tShare on whatsapp<br \/>\n\t\t\t\t\t\t\t\t\t\t\t\t\t\t\t\tShare on telegram<\/p>\n<style>\/*! elementor - v3.6.8 - 27-07-2022 *\/\n.elementor-widget-divider{--divider-border-style:none;--divider-border-width:1px;--divider-color:#2c2c2c;--divider-icon-size:20px;--divider-element-spacing:10px;--divider-pattern-height:24px;--divider-pattern-size:20px;--divider-pattern-url:none;--divider-pattern-repeat:repeat-x}.elementor-widget-divider .elementor-divider{display:-webkit-box;display:-ms-flexbox;display:flex}.elementor-widget-divider .elementor-divider__text{font-size:15px;line-height:1;max-width:95%}.elementor-widget-divider .elementor-divider__element{margin:0 var(--divider-element-spacing);-ms-flex-negative:0;flex-shrink:0}.elementor-widget-divider .elementor-icon{font-size:var(--divider-icon-size)}.elementor-widget-divider .elementor-divider-separator{display:-webkit-box;display:-ms-flexbox;display:flex;margin:0;direction:ltr}.elementor-widget-divider--view-line_icon .elementor-divider-separator,.elementor-widget-divider--view-line_text .elementor-divider-separator{-webkit-box-align:center;-ms-flex-align:center;align-items:center}.elementor-widget-divider--view-line_icon .elementor-divider-separator:after,.elementor-widget-divider--view-line_icon .elementor-divider-separator:before,.elementor-widget-divider--view-line_text .elementor-divider-separator:after,.elementor-widget-divider--view-line_text .elementor-divider-separator:before{display:block;content:\"\";border-bottom:0;-webkit-box-flex:1;-ms-flex-positive:1;flex-grow:1;border-top:var(--divider-border-width) var(--divider-border-style) var(--divider-color)}.elementor-widget-divider--element-align-left .elementor-divider .elementor-divider-separator>.elementor-divider__svg:first-of-type{-webkit-box-flex:0;-ms-flex-positive:0;flex-grow:0;-ms-flex-negative:100;flex-shrink:100}.elementor-widget-divider--element-align-left .elementor-divider-separator:before{content:none}.elementor-widget-divider--element-align-left .elementor-divider__element{margin-left:0}.elementor-widget-divider--element-align-right .elementor-divider .elementor-divider-separator>.elementor-divider__svg:last-of-type{-webkit-box-flex:0;-ms-flex-positive:0;flex-grow:0;-ms-flex-negative:100;flex-shrink:100}.elementor-widget-divider--element-align-right .elementor-divider-separator:after{content:none}.elementor-widget-divider--element-align-right .elementor-divider__element{margin-right:0}.elementor-widget-divider:not(.elementor-widget-divider--view-line_text):not(.elementor-widget-divider--view-line_icon) .elementor-divider-separator{border-top:var(--divider-border-width) var(--divider-border-style) var(--divider-color)}.elementor-widget-divider--separator-type-pattern{--divider-border-style:none}.elementor-widget-divider--separator-type-pattern.elementor-widget-divider--view-line .elementor-divider-separator,.elementor-widget-divider--separator-type-pattern:not(.elementor-widget-divider--view-line) .elementor-divider-separator:after,.elementor-widget-divider--separator-type-pattern:not(.elementor-widget-divider--view-line) .elementor-divider-separator:before,.elementor-widget-divider--separator-type-pattern:not([class*=elementor-widget-divider--view]) .elementor-divider-separator{width:100%;min-height:var(--divider-pattern-height);-webkit-mask-size:var(--divider-pattern-size) 100%;mask-size:var(--divider-pattern-size) 100%;-webkit-mask-repeat:var(--divider-pattern-repeat);mask-repeat:var(--divider-pattern-repeat);background-color:var(--divider-color);-webkit-mask-image:var(--divider-pattern-url);mask-image:var(--divider-pattern-url)}.elementor-widget-divider--no-spacing{--divider-pattern-size:auto}.elementor-widget-divider--bg-round{--divider-pattern-repeat:round}.rtl .elementor-widget-divider .elementor-divider__text{direction:rtl}.e-container>.elementor-widget-divider{width:var(--container-widget-width,100%);-webkit-box-flex:1;-ms-flex-positive:1;flex-grow:1}<\/style>\n<h4><strong>O que \u00e9 o Grupo de Ora\u00e7\u00e3o?<\/strong><\/h4>\n<p>O Grupo de Ora\u00e7\u00e3o \u00e9 a c\u00e9lula fundamental da Renova\u00e7\u00e3o Carism\u00e1tica Cat\u00f3lica; \u00e9 o lugar da expectativa e, ao mesmo tempo, da realiza\u00e7\u00e3o da promessa perene de Deus; \u00e9 cen\u00e1culo de Pentecostes dos dias atuais, onde juntamente com Maria nos reunimos em humildade e un\u00e2nime ora\u00e7\u00e3o, para que se cumpra a promessa feita tanto para os homens de ontem, quanto para os de hoje: \u201c&#8230; acontecer\u00e1 que derramarei o meu Esp\u00edrito sobre todo ser vivo\u201d (Joel 3,1a).<\/p>\n<p>O Grupo de Ora\u00e7\u00e3o da RCC \u00e9 uma comunidade carism\u00e1tica presente numa diocese, par\u00f3quia, capela, col\u00e9gio, universidade, pres\u00eddio, empresa, fazenda, condom\u00ednio, resid\u00eancia, etc., que cultiva a ora\u00e7\u00e3o, a partilha, e todos os outros aspectos da viv\u00eancia do Evangelho, a partir da experi\u00eancia do batismo no Esp\u00edrito Santo. Tem na reuni\u00e3o de ora\u00e7\u00e3o sua express\u00e3o principal de evangeliza\u00e7\u00e3o querigm\u00e1tica e que, conforme sua especificidade e mantendo sua identidade, se insere no conjunto de comunh\u00e3o, participa\u00e7\u00e3o, obedi\u00eancia e servi\u00e7o. Pessoas engajadas na RCC, l\u00edderes e servos \u2013 atrav\u00e9s de encontros, ora\u00e7\u00f5es e forma\u00e7\u00e3o \u2013 buscam \u201cfazer acontecer um processo poderoso de renova\u00e7\u00e3o espiritual, que transforma a vida pessoal do crist\u00e3o e todos os seus relacionamentos com Deus, com a fam\u00edlia, com a Igreja e a comunidade\u201d\u00b9.<\/p>\n<p>\u201cO objetivo do Grupo de Ora\u00e7\u00e3o \u00e9 levar os participantes a experimentar o pentecostes pessoal, a crescer e chegar \u00e0 maturidade da vida crist\u00e3 plena do Esp\u00edrito, segundo os desejos de Jesus: \u2018Eu vim para que as ovelhas tenham vida e a tenham em abund\u00e2ncia\u2019 (Jo 10,10b)\u201d\u00b2. Nesse sentido, caracteriza-se por tr\u00eas momentos distintos, por\u00e9m interdependentes: n\u00facleo de servi\u00e7o, reuni\u00e3o de ora\u00e7\u00e3o e grupo de perseveran\u00e7a.<\/p>\n<p>\t\t\t<a href=\"http:\/\/www.rccbrasil.net\/grupodeoracao\/\" target=\"_blank\" role=\"button\" rel=\"noopener\"><br \/>\n\t\t\t\t\t\tENCONTRE<br \/> Um Grupo de Ora\u00e7\u00e3o<br \/>\n\t\t\t\t\t<\/a><br \/>\n\t\t\t<a href=\"http:\/\/www.rccbrasil.net\/grupodeoracao\/areas\/principal\/cadastro.php\" target=\"_blank\" role=\"button\" rel=\"noopener\"><br \/>\n\t\t\t\t\t\tCADASTRE<br \/> Seu Grupo de Ora\u00e7\u00e3o<br \/>\n\t\t\t\t\t<\/a><br \/>\n\t\t\t<a href=\"http:\/\/www.rccbrasil.net\/savic\/\" target=\"_blank\" role=\"button\" rel=\"noopener\"><br \/>\n\t\t\t\t\t\tATUALIZE<br \/> Seu Cadastro<br \/>\n\t\t\t\t\t<\/a><\/p>\n","protected":false},"excerpt":{"rendered":"<p>Home Share on facebook Share on twitter Share on whatsapp Share on telegram O que \u00e9 o Grupo de Ora\u00e7\u00e3o? O Grupo de Ora\u00e7\u00e3o \u00e9 a c\u00e9lula fundamental da Renova\u00e7\u00e3o Carism\u00e1tica Cat\u00f3lica; \u00e9 o lugar da expectativa e, ao mesmo tempo, da realiza\u00e7\u00e3o da promessa perene de Deus; \u00e9 cen\u00e1culo de Pentecostes dos dias atuais, [&hellip;]<\/p>\n","protected":false},"author":2,"featured_media":0,"parent":0,"menu_order":0,"comment_status":"closed","ping_status":"closed","template":"elementor_header_footer","meta":{"_jet_sm_ready_style":"","_jet_sm_style":"","_jet_sm_controls_values":"","_jet_sm_fonts_collection":"","_jet_sm_fonts_links":""},"aioseo_notices":[],"_links":{"self":[{"href":"https:\/\/rccbrasil.org.br\/institucional\/wp-json\/wp\/v2\/pages\/3256"}],"collection":[{"href":"https:\/\/rccbrasil.org.br\/institucional\/wp-json\/wp\/v2\/pages"}],"about":[{"href":"https:\/\/rccbrasil.org.br\/institucional\/wp-json\/wp\/v2\/types\/page"}],"author":[{"embeddable":true,"href":"https:\/\/rccbrasil.org.br\/institucional\/wp-json\/wp\/v2\/users\/2"}],"replies":[{"embeddable":true,"href":"https:\/\/rccbrasil.org.br\/institucional\/wp-json\/wp\/v2\/comments?post=3256"}],"version-history":[{"count":7,"href":"https:\/\/rccbrasil.org.br\/institucional\/wp-json\/wp\/v2\/pages\/3256\/revisions"}],"predecessor-version":[{"id":3435,"href":"https:\/\/rccbrasil.org.br\/institucional\/wp-json\/wp\/v2\/pages\/3256\/revisions\/3435"}],"wp:attachment":[{"href":"https:\/\/rccbrasil.org.br\/institucional\/wp-json\/wp\/v2\/media?parent=3256"}],"curies":[{"name":"wp","href":"https:\/\/api.w.org\/{rel}","templated":true}]}}

Grupo de Oração

<p><a href="https://rccbrasil.org.br/institucional/" rel="home" title="Home">Home</a>
			<link rel="stylesheet" href="https://rccbrasil.org.br/institucional/wp-content/plugins/elementor-pro/assets/css/widget-share-buttons.min.css">
																Share on facebook<br />
																Share on twitter<br />
																Share on whatsapp<br />
																Share on telegram</p>
<style>/*! elementor - v3.6.8 - 27-07-2022 */
.elementor-widget-divider{--divider-border-style:none;--divider-border-width:1px;--divider-color:#2c2c2c;--divider-icon-size:20px;--divider-element-spacing:10px;--divider-pattern-height:24px;--divider-pattern-size:20px;--divider-pattern-url:none;--divider-pattern-repeat:repeat-x}.elementor-widget-divider .elementor-divider{display:-webkit-box;display:-ms-flexbox;display:flex}.elementor-widget-divider .elementor-divider__text{font-size:15px;line-height:1;max-width:95%}.elementor-widget-divider .elementor-divider__element{margin:0 var(--divider-element-spacing);-ms-flex-negative:0;flex-shrink:0}.elementor-widget-divider .elementor-icon{font-size:var(--divider-icon-size)}.elementor-widget-divider .elementor-divider-separator{display:-webkit-box;display:-ms-flexbox;display:flex;margin:0;direction:ltr}.elementor-widget-divider--view-line_icon .elementor-divider-separator,.elementor-widget-divider--view-line_text .elementor-divider-separator{-webkit-box-align:center;-ms-flex-align:center;align-items:center}.elementor-widget-divider--view-line_icon .elementor-divider-separator:after,.elementor-widget-divider--view-line_icon .elementor-divider-separator:before,.elementor-widget-divider--view-line_text .elementor-divider-separator:after,.elementor-widget-divider--view-line_text .elementor-divider-separator:before{display:block;content:"";border-bottom:0;-webkit-box-flex:1;-ms-flex-positive:1;flex-grow:1;border-top:var(--divider-border-width) var(--divider-border-style) var(--divider-color)}.elementor-widget-divider--element-align-left .elementor-divider .elementor-divider-separator>.elementor-divider__svg:first-of-type{-webkit-box-flex:0;-ms-flex-positive:0;flex-grow:0;-ms-flex-negative:100;flex-shrink:100}.elementor-widget-divider--element-align-left .elementor-divider-separator:before{content:none}.elementor-widget-divider--element-align-left .elementor-divider__element{margin-left:0}.elementor-widget-divider--element-align-right .elementor-divider .elementor-divider-separator>.elementor-divider__svg:last-of-type{-webkit-box-flex:0;-ms-flex-positive:0;flex-grow:0;-ms-flex-negative:100;flex-shrink:100}.elementor-widget-divider--element-align-right .elementor-divider-separator:after{content:none}.elementor-widget-divider--element-align-right .elementor-divider__element{margin-right:0}.elementor-widget-divider:not(.elementor-widget-divider--view-line_text):not(.elementor-widget-divider--view-line_icon) .elementor-divider-separator{border-top:var(--divider-border-width) var(--divider-border-style) var(--divider-color)}.elementor-widget-divider--separator-type-pattern{--divider-border-style:none}.elementor-widget-divider--separator-type-pattern.elementor-widget-divider--view-line .elementor-divider-separator,.elementor-widget-divider--separator-type-pattern:not(.elementor-widget-divider--view-line) .elementor-divider-separator:after,.elementor-widget-divider--separator-type-pattern:not(.elementor-widget-divider--view-line) .elementor-divider-separator:before,.elementor-widget-divider--separator-type-pattern:not([class*=elementor-widget-divider--view]) .elementor-divider-separator{width:100%;min-height:var(--divider-pattern-height);-webkit-mask-size:var(--divider-pattern-size) 100%;mask-size:var(--divider-pattern-size) 100%;-webkit-mask-repeat:var(--divider-pattern-repeat);mask-repeat:var(--divider-pattern-repeat);background-color:var(--divider-color);-webkit-mask-image:var(--divider-pattern-url);mask-image:var(--divider-pattern-url)}.elementor-widget-divider--no-spacing{--divider-pattern-size:auto}.elementor-widget-divider--bg-round{--divider-pattern-repeat:round}.rtl .elementor-widget-divider .elementor-divider__text{direction:rtl}.e-container>.elementor-widget-divider{width:var(--container-widget-width,100%);-webkit-box-flex:1;-ms-flex-positive:1;flex-grow:1}</style>
<h4><strong>O que é o Grupo de Oração?</strong></h4>
<p>O Grupo de Oração é a célula fundamental da Renovação Carismática Católica; é o lugar da expectativa e, ao mesmo tempo, da realização da promessa perene de Deus; é cenáculo de Pentecostes dos dias atuais, onde juntamente com Maria nos reunimos em humildade e unânime oração, para que se cumpra a promessa feita tanto para os homens de ontem, quanto para os de hoje: “&#8230; acontecerá que derramarei o meu Espírito sobre todo ser vivo” (Joel 3,1a).</p>
<p>O Grupo de Oração da RCC é uma comunidade carismática presente numa diocese, paróquia, capela, colégio, universidade, presídio, empresa, fazenda, condomínio, residência, etc., que cultiva a oração, a partilha, e todos os outros aspectos da vivência do Evangelho, a partir da experiência do batismo no Espírito Santo. Tem na reunião de oração sua expressão principal de evangelização querigmática e que, conforme sua especificidade e mantendo sua identidade, se insere no conjunto de comunhão, participação, obediência e serviço. Pessoas engajadas na RCC, líderes e servos – através de encontros, orações e formação – buscam “fazer acontecer um processo poderoso de renovação espiritual, que transforma a vida pessoal do cristão e todos os seus relacionamentos com Deus, com a família, com a Igreja e a comunidade”¹.</p>
<p>“O objetivo do Grupo de Oração é levar os participantes a experimentar o pentecostes pessoal, a crescer e chegar à maturidade da vida cristã plena do Espírito, segundo os desejos de Jesus: ‘Eu vim para que as ovelhas tenham vida e a tenham em abundância’ (Jo 10,10b)”². Nesse sentido, caracteriza-se por três momentos distintos, porém interdependentes: núcleo de serviço, reunião de oração e grupo de perseverança.</p>
<p>			<a href="http://www.rccbrasil.net/grupodeoracao/" target="_blank" role="button" rel="noopener"><br />
						ENCONTRE<br /> Um Grupo de Oração<br />
					</a><br />
			<a href="http://www.rccbrasil.net/grupodeoracao/areas/principal/cadastro.php" target="_blank" role="button" rel="noopener"><br />
						CADASTRE<br /> Seu Grupo de Oração<br />
					</a><br />
			<a href="http://www.rccbrasil.net/savic/" target="_blank" role="button" rel="noopener"><br />
						ATUALIZE<br /> Seu Cadastro<br />
					</a></p>

<p>Home Share on facebook Share on twitter Share on whatsapp Share on telegram O que é o Grupo de Oração? O Grupo de Oração é a célula fundamental da Renovação Carismática Católica; é o lugar da expectativa e, ao mesmo tempo, da realização da promessa perene de Deus; é cenáculo de Pentecostes dos dias atuais, [&hellip;]</p>
